
Let d(n) = 4*n**2 - 232*n - 100290. Calculate d(190).
30
Let l(w) = 18*w**3 - 608*w**2 + 5060*w - 127. Give l(19).
-13
Let b(c) = -3*c**3 + 476*c**2 - 233*c - 13117. Give b(158).
-3
Let n(m) = 6*m**2 + 3768*m + 33436. What is n(-619)?
10
Let f(p) = 32*p**2 - 4772*p - 67440. Determine f(-13).
4
Let n(a) = 18*a**2 + 1352*a - 18834. Calculate n(12).
-18
Let x(g) = 699919*g - 4199470. Give x(6).
44
Let c(m) = 13*m**2 - 112*m + 3. Determine c(6).
-201
Let t(g) = 11645*g + 3050982. Calculate t(-262).
-8
Let y(c) = 55*c**2 - 3324*c + 1427. Give y(60).
-13
Let m(y) = 23*y**2 + 562*y + 140. What is m(-30)?
3980
Let b(n) = n**3 - 27*n**2 + 150*n - 4611. Give b(27).
-561
Let y(z) = -3*z**2 - 777*z + 24081. Calculate y(28).
-27
Let c(h) = -h**3 - 63*h**2 + 411*h + 4819. Determine c(-68).
-9
Let d(u) = 1686*u - 112905. Calculate d(67).
57
Let o(t) = -7260*t + 166900. Calculate o(23).
-80
Let z(s) = s**3 - 530*s**2 - 1574*s + 61. What is z(-3)?
-14
Let u(x) = 12*x**3 + 37*x**2 - 311*x - 1497. Determine u(-5).
-517
Let b(k) = 12*k**2 + 241*k - 2501. What is b(10)?
1109
Let o(z) = 61903*z - 185524. Give o(3).
185
Let a(p) = 39*p - 494. Determine a(-8).
-806
Let i(f) = -2064*f - 2097025. What is i(-1016)?
-1
Let n(f) = f**2 + 481*f + 33963. Determine n(-86).
-7
Let y(p) = -319*p**2 - 9280*p - 139. What is y(-29)?
702
Let c(t) = t**2 - 564*t - 10466. What is c(-18)?
10
Let x(l) = -6*l**3 - 1447*l**2 - 1040*l + 153595. Determine x(-240).
-5
Let h(a) = 26982*a - 1160231. What is h(43)?
-5
Let q(m) = 1942325*m + 1942327. What is q(-1)?
2
Let x(t) = -15480*t - 154774. Calculate x(-10).
26
Let m(g) = -308*g**3 - 3696*g**2 + 2*g + 62. Calculate m(-12).
38
Let j(g) = -8*g**2 - 3598*g - 337038. What is j(-133)?
-16
Let f(g) = g**3 - 71*g**2 - 43*g - 2808. Give f(72).
-720
Let g(r) = -174680*r + 31093045. Determine g(178).
5
Let h(f) = -374*f - 89798. Calculate h(-243).
1084
Let j(s) = 48*s**2 + 58*s - 445. Give j(6).
1631
Let r(w) = 5650*w - 16945. Give r(3).
5
Let p(s) = -1555*s + 62205. Determine p(40).
5
Let b(w) = -53*w**2 + 12711*w + 2227. Give b(240).
67
Let i(z) = -166*z + 25079. What is i(154)?
-485
Let t(j) = -j**3 + 30*j**2 + 585. Calculate t(29).
1426
Let g(s) = -14610*s - 43835. What is g(-3)?
-5
Let c(s) = s**2 + 156*s - 75577. Calculate c(206).
-1005
Let k(m) = 6*m**2 + 308*m - 1186. Give k(-56).
382
Let u(c) = 3*c**2 - 4057*c + 537958. What is u(149)?
68
Let x(g) = 2*g**2 - 224*g + 5197. Determine x(75).
-353
Let j(z) = -21*z**3 - 236*z**2 - 40*z + 167. What is j(-11)?
2
Let w(u) = -13058*u + 8317942. Give w(637).
-4
Let b(h) = -3651*h + 587743. Give b(161).
-68
Let s(v) = -v**3 + 12*v**2 - 2401*v + 11968. Determine s(5).
138
Let h(x) = x**2 - 433*x - 57997. Calculate h(-108).
431
Let p(c) = -6729*c + 2893484. Determine p(430).
14
Let q(a) = -a**3 - 38*a**2 + 39*a + 503. Calculate q(-38).
-979
Let c(k) = -3*k**3 - 37*k**2 + 44*k + 568. What is c(-12)?
-104
Let o(i) = -i**3 + 347*i**2 + 858*i - 177476. What is o(348)?
4
Let f(j) = -56*j + 434. What is f(-13)?
1162
Let s(m) = 3*m**2 + 6340*m - 357830. Calculate s(55).
-55
Let b(s) = -321*s - 7523. Calculate b(-24).
181
Let p(f) = -10844*f**2 + 314453*f + 670. What is p(29)?
3
Let q(c) = 6*c**3 + 6*c**2 - 268*c - 803. Calculate q(-3).
-107
Let d(t) = 308*t**3 - 1852*t**2 + 24*t + 21. Calculate d(6).
21
Let a(c) = -987*c - 8691. Give a(-9).
192
Let b(s) = -34489*s + 379354. What is b(11)?
-25
Let a(k) = -k**2 - 1326*k - 438215. Give a(-626).
-15
Let k(s) = 3*s**3 + 283*s**2 + 916*s + 589. Give k(-91).
43
Let i(l) = -3*l**3 + 38*l**2 - 4326*l + 46980. Give i(11).
-1
Let f(l) = 30*l**3 - 97*l**2 - 265*l + 5. Calculate f(5).
5
Let n(s) = -34*s**2 + 299*s - 1109. What is n(5)?
-464
Let b(c) = 33*c**2 - 401*c - 729. What is b(13)?
-365
Let b(s) = -36049*s - 6560912. Calculate b(-182).
6
Let v(t) = -4*t**2 + 574*t - 9697. Give v(124).
-25
Let b(l) = 708*l - 50276. Calculate b(71).
-8
Let v(w) = 2807*w + 348056. Determine v(-124).
-12
Let m(u) = -268056*u + 804149. Determine m(3).
-19
Let o(f) = 12*f**2 + 4875*f - 3633. What is o(-407)?
30
Let z(h) = 884*h + 10406. Determine z(-12).
-202
Let j(z) = -6*z**2 - 202*z - 172. Determine j(-33).
-40
Let u(x) = -110355*x + 662113. Determine u(6).
-17
Let f(w) = -1493*w - 7497. Give f(-5).
-32
Let u(x) = 8*x**3 - 409*x**2 + 55*x + 365. Determine u(51).
569
Let u(m) = -1941*m - 62105. Determine u(-32).
7
Let y(c) = -18*c**3 + 4*c**2 - 41*c - 151. What is y(-3)?
494
Let q(r) = -28*r**2 - 137*r - 58. Calculate q(-4).
42
Let p(q) = -q**2 - 192*q - 8716. Calculate p(-128).
-524
Let m(n) = 7*n**2 + 7*n + 208. What is m(-7)?
502
Let u(p) = 4*p**2 - 3*p - 1512. What is u(-19)?
-11
Let o(a) = -6*a**3 - 173*a**2 + 29*a - 49. Calculate o(-29).
-49
Let f(s) = -475848*s + 2855093. Determine f(6).
5
Let o(p) = p**3 - 8*p**2 - 308*p - 857. Give o(23).
-6
Let j(s) = -2*s**2 + 289*s + 447020. Determine j(-406).
14
Let t(r) = 1321*r**2 - 1879*r + 1878. Give t(1).
1320
Let s(o) = -o**3 + 13*o**2 + 3146*o - 8. Give s(63).
-260
Let c(s) = 11*s**2 + 110*s - 7. Give c(7).
1302
Let w(t) = -2*t**3 - 24*t**2 - 15*t + 9. What is w(-6)?
-333
Let g(c) = 815300*c - 4891825. Determine g(6).
-25
Let w(d) = -130*d**2 + 5336*d - 255. What is w(41)?
-9
Let m(i) = 2611*i - 15156. Determine m(5).
-2101
Let y(o) = -12258*o - 59577. Determine y(-5).
1713
Let v(k) = -19543*k + 19539. What is v(1)?
-4
Let b(r) = 1305*r - 2598. What is b(2)?
12
Let w(i) = -1078*i - 98084. Determine w(-91).
14
Let o(p) = p**3 + 304*p**2 - 45019*p + 210. Calculate o(109).
-8
Let t(w) = -973060*w + 4865318. Determine t(5).
18
Let l(h) = 412*h + 1227. What is l(-3)?
-9
Let b(n) = -63678*n - 1528278. What is b(-24)?
-6
Let v(b) = -3090137*b - 15450672. Determine v(-5).
13
Let g(f) = -f**3 + 10669*f**2 + 74735*f - 2. Calculate g(-7).
-23
Let f(g) = -520540*g + 1041077. Calculate f(2).
-3
Let g(u) = -4*u**3 + 145*u**2 - 643*u - 253. Determine g(31).
-5
Let m(x) = 1639*x + 108327. Determine m(-66).
153
Let o(a) = -2*a**2 - 88*a - 170. Give o(-43).
-84
Let v(o) = 6*o**2 - 774*o + 42. What is v(129)?
42
Let n(y) = -5*y**2 + 10794*y - 319337. What is n(30)?
-17
Let m(r) = 105*r - 2130. What is m(25)?
495
Let a(l) = -2*l**2 - 13273*l - 132520. Determine a(-10).
10
Let b(s) = 50*s**2 + 1327*s + 7687. Determine b(-18).
1
Let n(f) = f**3 + 12*f**2 - 153*f - 1616. Determine n(-15).
4
Let y(g) = -23*g**3 - 2*g**2 - 16*g + 129. What is y(5)?
-2876
Let p(o) = 432*o**2 + 5195*o + 189. Give p(-12).
57
Let h(i) = 83*i**2 + 491*i - 491. Give h(1).
83
Let q(n) = -n**2 + 1885*n + 1236037. Give q(-515).
37
Let j(g) = 6*g**3 - 626*g**2 + 802*g + 2262. What is j(103)?
-4
Let l(n) = 11*n**2 + 524*n + 279. What is l(-47)?
-50
Let w(y) = 35*y - 1218. Calculate w(53).
637
Let g(n) = -4*n**3 + 2888*n**2 - 5725*n - 25192. Determine g(720).
8
Let x(i) = 104*i**2 - 496*i - 34. Calculate x(5).
86
Let q(g) = 29*g**3 - 1192*g**2 + 128*g - 287. Determine q(41).
-82
Let z(u) = 1087*u + 33812. Determine z(-31).
115
Let x(s) = 16*s**2 - 9871*s + 181189. Give x(598).
-5
Let f(h) = 6479*h + 32359. What is f(-5)?
-36
Let c(b) = b**2 + 79163*b - 395856. Determine c(5).
-16
Let y(a) = -1016*a - 22560. What is y(-23)?
808
Let z(c) = -118128*c + 10513424. Determine z(89).
32
Let m(y) = -10079*y - 50402. What is m(-5)?
-7
Let f(i) = -19*i**2 + 2472*i + 35004. Give f(-14).
-3328
Let a(j) = -j**3 + 6*j**2 + 105*j - 14. Calculate a(11).
536
Let g(b) = -18*b**2 + 3395*b + 4739. Determine g(190).
-11
Let k(r) = -15374*r + 292140. What is k(19)?
34
Let u(v) = -14*v**2 + 730*v + 48. What is u(52)?
152
Let y(d) = 84*d + 1215. Determine y(-19).
-381
Let m(s) = -149543*s + 747835. Calculate m(5).
120
Let f(i) = -i**3 - 1664*i + 6729. Give f(4).
9
Let j(x) = -5517*x - 264838. Determine j(-48).
-22
Let w(x) = -6*x**2 + 308*x + 4160. What is w(-15)?
-1810
Let x(g) = -92*g**2 + 629*g + 21. Calculate x(9).
-1770
Let v(w) = 133105*w - 30747240. Give v(231).
15
Let v(l) = -818444*l - 4910639. What is v(-6)?
25
Let n(m) = -m**2 + 8206*m + 24628. Give n(-3).
1
Let o(n) = n**3 - 88*n**2 + 591*n - 591. Calculate o(6).
3
Let j(a) = 64630*a - 517043. What is j(8)?
-3
Let p(w) = -6*w**2 - 425*w - 7564. Give p(-18).
-1858
Let p(t) = 2*t**3 + 30*t**2 + 34*t + 237. Give p(-15).
-273
Let d(b) = 3*b**3 +